{"id":25,"date":"2023-06-21T16:15:53","date_gmt":"2023-06-21T16:15:53","guid":{"rendered":"https:\/\/donnacappella.de\/?page_id=25"},"modified":"2024-08-09T14:30:29","modified_gmt":"2024-08-09T14:30:29","slug":"geschichte","status":"publish","type":"page","link":"https:\/\/donnacappella.de\/?page_id=25","title":{"rendered":"Geschichte"},"content":{"rendered":"\n<h1 class=\"wp-block-heading\">1994<\/h1>\n\n\n\n<div class=\"wp-block-group is-nowrap is-layout-flex wp-container-core-group-is-layout-ad2f72ca wp-block-group-is-layout-flex\">\n<p><strong>Regina Klein <\/strong>gr\u00fcndet mit zun\u00e4chst zehn Frauen den Chor DonnAcappella und verdoppelt damit die Anzahl der lesbischen Frauench\u00f6re in Frankfurt auf zwei. Ein paar von uns k\u00f6nnen von dieser ersten Zeit noch erz\u00e4hlen. Wir k\u00e4mpften uns durch sch\u00f6n-schr\u00e4ge Harmonien und Off-Beat-Rhythmen. Das Repertoire ist damals ein Mix aus Jazz, Gospel, Swing und Soul. Geprobt wird zun\u00e4chst im Wohnzimmer. Das musikalische Level ist anspruchsvoll und aufgetreten wird ohne Noten. Nicht gerade einfach \u2013 aber es kommt gut an. Schnell w\u00e4chst die Zahl der aktiven S\u00e4ngerinnen auf drei\u00dfig. Charakteristisch sind die von Regina arrangierten vierstimmigen St\u00fccke f\u00fcr Sopran, Mezzosopran, Alt und Tenor, die den einmaligen Klang von DonnAcappella ausmachen.<\/p>\n\n\n\n<p><\/p>\n<\/div>\n\n\n\n<div style=\"height:14px\" aria-hidden=\"true\" class=\"wp-block-spacer\"><\/div>\n\n\n\n<figure class=\"wp-block-gallery has-nested-images columns-default is-cropped wp-block-gallery-1 is-layout-flex wp-block-gallery-is-layout-flex\"><\/figure>\n\n\n\n<div style=\"height:100px\" aria-hidden=\"true\" class=\"wp-block-spacer\"><\/div>\n\n\n\n<p><\/p>\n\n\n\n<p><\/p>\n\n\n\n<p><\/p>\n\n\n\n<hr class=\"wp-block-separator has-alpha-channel-opacity\"\/>\n\n\n\n<div class=\"wp-block-group is-nowrap is-layout-flex wp-container-core-group-is-layout-ad2f72ca wp-block-group-is-layout-flex\">\n<p><\/p>\n<\/div>\n\n\n\n<h1 class=\"wp-block-heading\">2011<\/h1>\n\n\n\n<p>Nach 17 Jahren verl\u00e4sst uns Regina Klein. Schnell steht fest: Wir machen weiter! Talentierte Chorfrauen leiten die Proben \u00fcbergangsweise an. Nach einigen Monaten ohne Chorleitung stellt sich dann die \u201eNeue\u201c vor: <strong>Juliane Wurth<\/strong>. Mit ihr kommen vermehrt deutschsprachige St\u00fccke und sogar Schlager ins Programm. Sie pr\u00e4gt den Sound neu und bleibt uns bis Ende 2022 erhalten.<\/p>\n\n\n\n<figure class=\"wp-block-image size-full\"><img loading=\"lazy\" decoding=\"async\" width=\"2560\" height=\"1709\" src=\"https:\/\/donnacappella.de\/wp-content\/uploads\/2023\/11\/ganzer-Chor-1-scaled.jpg\" alt=\"\" class=\"wp-image-234\" srcset=\"https:\/\/donnacappella.de\/wp-content\/uploads\/2023\/11\/ganzer-Chor-1-scaled.jpg 2560w, https:\/\/donnacappella.de\/wp-content\/uploads\/2023\/11\/ganzer-Chor-1-300x200.jpg 300w\" sizes=\"auto, (max-width: 2560px) 100vw, 2560px\" \/><\/figure>\n\n\n\n<hr class=\"wp-block-separator has-alpha-channel-opacity\"\/>\n\n\n\n<h1 class=\"wp-block-heading\">2023<\/h1>\n\n\n\n<p>Nach elf gemeinsamen Jahren hie\u00df es mal wieder Abschied nehmen. Ende 2022 hat Juliane Wurth die musikalische Leitung von DonnAcappella abgegeben.<\/p>\n\n\n\n<p>F\u00fchrungs- aber keineswegs hoffnungslos machten wir uns auf die Suche nach einer neuen \u201eChefin\u201c. Innerhalb k\u00fcrzester Zeit hatten wir sogar drei sehr kompetente Kandidatinnen zur Auswahl. Nach etlichen Probedirigaten fiel unsere Wahl auf die sehr erfahrene Chorleiterin von Swensk Ton.<\/p>\n\n\n\n<p>Wir freuen uns, dass wir <strong>Andrea Ludewig<\/strong> ab Mai 2023 f\u00fcr uns gewinnen konnten!<\/p>\n\n\n\n<figure class=\"wp-block-gallery has-nested-images columns-default is-cropped wp-block-gallery-2 is-layout-flex wp-block-gallery-is-layout-flex\">\n<figure class=\"wp-block-image size-large\"><img loading=\"lazy\" decoding=\"async\" width=\"1024\" height=\"1024\" data-id=\"237\" src=\"https:\/\/donnacappella.de\/wp-content\/uploads\/2023\/11\/A-IMG_6274-1-1024x1024.jpg\" alt=\"\" class=\"wp-image-237\" srcset=\"https:\/\/donnacappella.de\/wp-content\/uploads\/2023\/11\/A-IMG_6274-1-1024x1024.jpg 1024w, https:\/\/donnacappella.de\/wp-content\/uploads\/2023\/11\/A-IMG_6274-1-300x300.jpg 300w, https:\/\/donnacappella.de\/wp-content\/uploads\/2023\/11\/A-IMG_6274-1-150x150.jpg 150w, https:\/\/donnacappella.de\/wp-content\/uploads\/2023\/11\/A-IMG_6274-1-768x768.jpg 768w, https:\/\/donnacappella.de\/wp-content\/uploads\/2023\/11\/A-IMG_6274-1.jpg 1050w\" sizes=\"auto, (max-width: 1024px) 100vw, 1024px\" \/><\/figure>\n\n\n\n<figure class=\"wp-block-image size-large\"><img loading=\"lazy\" decoding=\"async\" width=\"1024\" height=\"1024\" data-id=\"238\" src=\"https:\/\/donnacappella.de\/wp-content\/uploads\/2023\/11\/A-IMG_6277a-1024x1024.jpg\" alt=\"\" class=\"wp-image-238\" srcset=\"https:\/\/donnacappella.de\/wp-content\/uploads\/2023\/11\/A-IMG_6277a-1024x1024.jpg 1024w, https:\/\/donnacappella.de\/wp-content\/uploads\/2023\/11\/A-IMG_6277a-300x300.jpg 300w, https:\/\/donnacappella.de\/wp-content\/uploads\/2023\/11\/A-IMG_6277a-150x150.jpg 150w, https:\/\/donnacappella.de\/wp-content\/uploads\/2023\/11\/A-IMG_6277a-768x768.jpg 768w, https:\/\/donnacappella.de\/wp-content\/uploads\/2023\/11\/A-IMG_6277a.jpg 1050w\" sizes=\"auto, (max-width: 1024px) 100vw, 1024px\" \/><\/figure>\n\n\n\n<figure class=\"wp-block-image size-large\"><img loading=\"lazy\" decoding=\"async\" width=\"1024\" height=\"950\" data-id=\"89\" src=\"https:\/\/donnacappella.de\/wp-content\/uploads\/2023\/11\/cropped-A-IMG_6278-1024x950.jpg\" alt=\"\" class=\"wp-image-89\" srcset=\"https:\/\/donnacappella.de\/wp-content\/uploads\/2023\/11\/cropped-A-IMG_6278-1024x950.jpg 1024w, https:\/\/donnacappella.de\/wp-content\/uploads\/2023\/11\/cropped-A-IMG_6278-300x278.jpg 300w, https:\/\/donnacappella.de\/wp-content\/uploads\/2023\/11\/cropped-A-IMG_6278-768x712.jpg 768w, https:\/\/donnacappella.de\/wp-content\/uploads\/2023\/11\/cropped-A-IMG_6278-1536x1425.jpg 1536w, https:\/\/donnacappella.de\/wp-content\/uploads\/2023\/11\/cropped-A-IMG_6278.jpg 2000w\" sizes=\"auto, (max-width: 1024px) 100vw, 1024px\" \/><\/figure>\n<\/figure>\n\n\n\n<p>Fotos: Maria Harsa<\/p>\n\n\n\n<p><\/p>\n\n\n\n<p><\/p>\n","protected":false},"excerpt":{"rendered":"<p>1994 Regina Klein gr\u00fcndet mit zun\u00e4chst zehn Frauen den Chor DonnAcappella und verdoppelt damit die Anzahl der lesbischen Frauench\u00f6re in Frankfurt auf zwei. Ein paar von uns k\u00f6nnen von dieser ersten Zeit noch erz\u00e4hlen. Wir k\u00e4mpften uns durch sch\u00f6n-schr\u00e4ge Harmonien und Off-Beat-Rhythmen. Das Repertoire ist damals ein Mix aus Jazz, Gospel, Swing und Soul. Geprobt [&hellip;]<\/p>\n","protected":false},"author":1,"featured_media":0,"parent":0,"menu_order":0,"comment_status":"closed","ping_status":"closed","template":"","meta":{"footnotes":""},"class_list":["post-25","page","type-page","status-publish","czr-hentry"],"_links":{"self":[{"href":"https:\/\/donnacappella.de\/index.php?rest_route=\/wp\/v2\/pages\/25","targetHints":{"allow":["GET"]}}],"collection":[{"href":"https:\/\/donnacappella.de\/index.php?rest_route=\/wp\/v2\/pages"}],"about":[{"href":"https:\/\/donnacappella.de\/index.php?rest_route=\/wp\/v2\/types\/page"}],"author":[{"embeddable":true,"href":"https:\/\/donnacappella.de\/index.php?rest_route=\/wp\/v2\/users\/1"}],"replies":[{"embeddable":true,"href":"https:\/\/donnacappella.de\/index.php?rest_route=%2Fwp%2Fv2%2Fcomments&post=25"}],"version-history":[{"count":24,"href":"https:\/\/donnacappella.de\/index.php?rest_route=\/wp\/v2\/pages\/25\/revisions"}],"predecessor-version":[{"id":414,"href":"https:\/\/donnacappella.de\/index.php?rest_route=\/wp\/v2\/pages\/25\/revisions\/414"}],"wp:attachment":[{"href":"https:\/\/donnacappella.de\/index.php?rest_route=%2Fwp%2Fv2%2Fmedia&parent=25"}],"curies":[{"name":"wp","href":"https:\/\/api.w.org\/{rel}","templated":true}]}}

<h1 class="wp-block-heading">1994</h1>



<div class="wp-block-group is-nowrap is-layout-flex wp-container-core-group-is-layout-ad2f72ca wp-block-group-is-layout-flex">
<p><strong>Regina Klein </strong>gründet mit zunächst zehn Frauen den Chor DonnAcappella und verdoppelt damit die Anzahl der lesbischen Frauenchöre in Frankfurt auf zwei. Ein paar von uns können von dieser ersten Zeit noch erzählen. Wir kämpften uns durch schön-schräge Harmonien und Off-Beat-Rhythmen. Das Repertoire ist damals ein Mix aus Jazz, Gospel, Swing und Soul. Geprobt wird zunächst im Wohnzimmer. Das musikalische Level ist anspruchsvoll und aufgetreten wird ohne Noten. Nicht gerade einfach – aber es kommt gut an. Schnell wächst die Zahl der aktiven Sängerinnen auf dreißig. Charakteristisch sind die von Regina arrangierten vierstimmigen Stücke für Sopran, Mezzosopran, Alt und Tenor, die den einmaligen Klang von DonnAcappella ausmachen.</p>



<p></p>
</div>



<div style="height:14px" aria-hidden="true" class="wp-block-spacer"></div>



<figure class="wp-block-gallery has-nested-images columns-default is-cropped wp-block-gallery-1 is-layout-flex wp-block-gallery-is-layout-flex"></figure>



<div style="height:100px" aria-hidden="true" class="wp-block-spacer"></div>



<p></p>



<p></p>



<p></p>



<hr class="wp-block-separator has-alpha-channel-opacity"/>



<div class="wp-block-group is-nowrap is-layout-flex wp-container-core-group-is-layout-ad2f72ca wp-block-group-is-layout-flex">
<p></p>
</div>



<h1 class="wp-block-heading">2011</h1>



<p>Nach 17 Jahren verlässt uns Regina Klein. Schnell steht fest: Wir machen weiter! Talentierte Chorfrauen leiten die Proben übergangsweise an. Nach einigen Monaten ohne Chorleitung stellt sich dann die „Neue“ vor: <strong>Juliane Wurth</strong>. Mit ihr kommen vermehrt deutschsprachige Stücke und sogar Schlager ins Programm. Sie prägt den Sound neu und bleibt uns bis Ende 2022 erhalten.</p>



<figure class="wp-block-image size-full"><img loading="lazy" decoding="async" width="2560" height="1709" src="https://donnacappella.de/wp-content/uploads/2023/11/ganzer-Chor-1-scaled.jpg" alt="" class="wp-image-234" srcset="https://donnacappella.de/wp-content/uploads/2023/11/ganzer-Chor-1-scaled.jpg 2560w, https://donnacappella.de/wp-content/uploads/2023/11/ganzer-Chor-1-300x200.jpg 300w" sizes="auto, (max-width: 2560px) 100vw, 2560px" /></figure>



<hr class="wp-block-separator has-alpha-channel-opacity"/>



<h1 class="wp-block-heading">2023</h1>



<p>Nach elf gemeinsamen Jahren hieß es mal wieder Abschied nehmen. Ende 2022 hat Juliane Wurth die musikalische Leitung von DonnAcappella abgegeben.</p>



<p>Führungs- aber keineswegs hoffnungslos machten wir uns auf die Suche nach einer neuen „Chefin“. Innerhalb kürzester Zeit hatten wir sogar drei sehr kompetente Kandidatinnen zur Auswahl. Nach etlichen Probedirigaten fiel unsere Wahl auf die sehr erfahrene Chorleiterin von Swensk Ton.</p>



<p>Wir freuen uns, dass wir <strong>Andrea Ludewig</strong> ab Mai 2023 für uns gewinnen konnten!</p>



<figure class="wp-block-gallery has-nested-images columns-default is-cropped wp-block-gallery-2 is-layout-flex wp-block-gallery-is-layout-flex">
<figure class="wp-block-image size-large"><img loading="lazy" decoding="async" width="1024" height="1024" data-id="237" src="https://donnacappella.de/wp-content/uploads/2023/11/A-IMG_6274-1-1024x1024.jpg" alt="" class="wp-image-237" srcset="https://donnacappella.de/wp-content/uploads/2023/11/A-IMG_6274-1-1024x1024.jpg 1024w, https://donnacappella.de/wp-content/uploads/2023/11/A-IMG_6274-1-300x300.jpg 300w, https://donnacappella.de/wp-content/uploads/2023/11/A-IMG_6274-1-150x150.jpg 150w, https://donnacappella.de/wp-content/uploads/2023/11/A-IMG_6274-1-768x768.jpg 768w, https://donnacappella.de/wp-content/uploads/2023/11/A-IMG_6274-1.jpg 1050w" sizes="auto, (max-width: 1024px) 100vw, 1024px" /></figure>



<figure class="wp-block-image size-large"><img loading="lazy" decoding="async" width="1024" height="1024" data-id="238" src="https://donnacappella.de/wp-content/uploads/2023/11/A-IMG_6277a-1024x1024.jpg" alt="" class="wp-image-238" srcset="https://donnacappella.de/wp-content/uploads/2023/11/A-IMG_6277a-1024x1024.jpg 1024w, https://donnacappella.de/wp-content/uploads/2023/11/A-IMG_6277a-300x300.jpg 300w, https://donnacappella.de/wp-content/uploads/2023/11/A-IMG_6277a-150x150.jpg 150w, https://donnacappella.de/wp-content/uploads/2023/11/A-IMG_6277a-768x768.jpg 768w, https://donnacappella.de/wp-content/uploads/2023/11/A-IMG_6277a.jpg 1050w" sizes="auto, (max-width: 1024px) 100vw, 1024px" /></figure>



<figure class="wp-block-image size-large"><img loading="lazy" decoding="async" width="1024" height="950" data-id="89" src="https://donnacappella.de/wp-content/uploads/2023/11/cropped-A-IMG_6278-1024x950.jpg" alt="" class="wp-image-89" srcset="https://donnacappella.de/wp-content/uploads/2023/11/cropped-A-IMG_6278-1024x950.jpg 1024w, https://donnacappella.de/wp-content/uploads/2023/11/cropped-A-IMG_6278-300x278.jpg 300w, https://donnacappella.de/wp-content/uploads/2023/11/cropped-A-IMG_6278-768x712.jpg 768w, https://donnacappella.de/wp-content/uploads/2023/11/cropped-A-IMG_6278-1536x1425.jpg 1536w, https://donnacappella.de/wp-content/uploads/2023/11/cropped-A-IMG_6278.jpg 2000w" sizes="auto, (max-width: 1024px) 100vw, 1024px" /></figure>
</figure>



<p>Fotos: Maria Harsa</p>



<p></p>



<p></p>

<p>1994 Regina Klein gründet mit zunächst zehn Frauen den Chor DonnAcappella und verdoppelt damit die Anzahl der lesbischen Frauenchöre in Frankfurt auf zwei. Ein paar von uns können von dieser ersten Zeit noch erzählen. Wir kämpften uns durch schön-schräge Harmonien und Off-Beat-Rhythmen. Das Repertoire ist damals ein Mix aus Jazz, Gospel, Swing und Soul. Geprobt [&hellip;]</p>
